{"id":217,"date":"2023-02-17T21:46:30","date_gmt":"2023-02-17T20:46:30","guid":{"rendered":"https:\/\/tjcirkvice.cz\/?page_id=217"},"modified":"2023-11-06T20:24:10","modified_gmt":"2023-11-06T19:24:10","slug":"dulezite-terminy","status":"publish","type":"page","link":"https:\/\/tjcirkvice.cz\/index.php\/micove-hry-volejbal\/dulezite-terminy\/","title":{"rendered":"D\u016fle\u017eit\u00e9 term\u00edny"},"content":{"rendered":"\n<p><\/p>\n\n\n\n<figure class=\"wp-block-table is-style-stripes has-medium-font-size\"><table class=\"has-electric-grass-gradient-background has-background\"><thead><tr><th>Datum<\/th><th>Akce<\/th><th>Pozn\u00e1mka<\/th><\/tr><\/thead><tbody><tr><td>16.9.2023<\/td><td>TURNAJ<\/td><td>Mal\u00fd Jakub\u00e1\u010dek<\/td><\/tr><tr><td>17.9.2023<\/td><td>Kompenza\u010dn\u00ed cvi\u010den\u00ed<\/td><td>17:00 &#8211; 18:00<\/td><\/tr><tr><td>15.10.2023<\/td><td>Kompenza\u010dn\u00ed cvi\u010den\u00ed<\/td><td>17:00 &#8211; 18:00<\/td><\/tr><tr><td>20.10.-22.10.2023 <\/td><td>Podzimn\u00ed mini soust\u0159ed\u011bn\u00ed<\/td><td>p\u0159ihl\u00e1\u0161ky do napln\u011bn\u00ed kapacity (16 d\u011bt\u00ed) nebo do 6.10.2023<\/td><\/tr><tr><td>5.11.2023<\/td><td>TURNAJ<\/td><td>L\u00edbeznick\u00e1 CHRUPAVKA<br><a href=\"https:\/\/www.volejbal-libeznice.cz\/turnaje\/chrupavka\" data-type=\"link\" data-id=\"https:\/\/www.volejbal-libeznice.cz\/turnaje\/chrupavka\">https:\/\/www.volejbal-libeznice.cz\/turnaje\/chrupavka<\/a><\/td><\/tr><tr><td>12.11.2023<\/td><td>Kompenza\u010dn\u00ed cvi\u010den\u00ed<\/td><td>17:00 &#8211; 18:00<\/td><\/tr><tr><td>17.11.2023<\/td><td>TURNAJ<\/td><td>1. kolo krajsk\u00e9 sout\u011b\u017ee<\/td><\/tr><tr><td>3.12.2023<\/td><td>Kompenza\u010dn\u00ed cvi\u010den\u00ed<\/td><td>17:00 &#8211; 18:00<\/td><\/tr><tr><td>17.12.2023<\/td><td>TURNAJ<\/td><td>2. kolo krajsk\u00e9 sout\u011b\u017ee<\/td><\/tr><tr><td>**.1.2024<\/td><td>Kompenza\u010dn\u00ed cvi\u010den\u00ed<\/td><td>17:00 &#8211; 18:00<\/td><\/tr><tr><td>**.-**.1.2024<\/td><td>TURNAJ<\/td><td>Festival barevn\u00e9ho minivolejbalu<\/td><\/tr><tr><td>**.2.2024<\/td><td>Kompenza\u010dn\u00ed cvi\u010den\u00ed<\/td><td>17:00 &#8211; 18:00<\/td><\/tr><tr><td>**.3.2024<\/td><td>Kompenza\u010dn\u00ed cvi\u010den\u00ed<\/td><td>17:00 &#8211; 18:00<\/td><\/tr><tr><td>7.4.2024<\/td><td>TURNAJ<\/td><td>3. kolo krajsk\u00e9 sout\u011b\u017ee<\/td><\/tr><tr><td>jaro 2024<\/td><td>Jarn\u00ed mini soust\u0159ed\u011bn\u00ed<\/td><td>p\u0159ihl\u00e1\u0161ky do napln\u011bn\u00ed kapacity (16 d\u011bt\u00ed) nebo do **.**.2024<\/td><\/tr><tr><td>8.5.2024<\/td><td>TURNAJ<\/td><td>fin\u00e1le krajsk\u00e9 sout\u011b\u017ee<\/td><\/tr><tr><td>**.6.2024<\/td><td>TURNAJ<\/td><td>celost\u00e1tn\u00ed kolo minivolejbalu<\/td><\/tr><tr><td>15.6.2024<\/td><td>TURNAJ<\/td><td>Chlumeck\u00e1 lentilka<\/td><\/tr><tr><td>24.-31.8.2024<\/td><td>Letn\u00ed soust\u0159ed\u011bn\u00ed<\/td><td>p\u0159ihl\u00e1\u0161ky do 28.2.2024<\/td><\/tr><tr><td>21.9.2024<\/td><td>TURNAJ<\/td><td>Mal\u00fd Jakub\u00e1\u010dek <\/td><\/tr><\/tbody><\/table><\/figure>\n\n\n\n<p><\/p>\n","protected":false},"excerpt":{"rendered":"<p>Datum Akce Pozn\u00e1mka 16.9.2023 TURNAJ Mal\u00fd Jakub\u00e1\u010dek 17.9.2023 Kompenza\u010dn\u00ed cvi\u010den\u00ed 17:00 &#8211; 18:00 15.10.2023 Kompenza\u010dn\u00ed cvi\u010den\u00ed 17:00 &#8211; 18:00 20.10.-22.10.2023 Podzimn\u00ed mini soust\u0159ed\u011bn\u00ed p\u0159ihl\u00e1\u0161ky do napln\u011bn\u00ed kapacity (16 d\u011bt\u00ed) nebo do 6.10.2023 5.11.2023 TURNAJ L\u00edbeznick\u00e1 CHRUPAVKAhttps:\/\/www.volejbal-libeznice.cz\/turnaje\/chrupavka 12.11.2023 Kompenza\u010dn\u00ed cvi\u010den\u00ed 17:00 &#8211; 18:00 17.11.2023 TURNAJ 1. kolo krajsk\u00e9 sout\u011b\u017ee 3.12.2023 Kompenza\u010dn\u00ed cvi\u010den\u00ed 17:00 &#8211; 18:00 17.12.2023 [&hellip;]<\/p>\n","protected":false},"author":1,"featured_media":0,"parent":9,"menu_order":4,"comment_status":"closed","ping_status":"closed","template":"","meta":{"footnotes":""},"class_list":["post-217","page","type-page","status-publish","hentry"],"_links":{"self":[{"href":"https:\/\/tjcirkvice.cz\/index.php\/wp-json\/wp\/v2\/pages\/217","targetHints":{"allow":["GET"]}}],"collection":[{"href":"https:\/\/tjcirkvice.cz\/index.php\/wp-json\/wp\/v2\/pages"}],"about":[{"href":"https:\/\/tjcirkvice.cz\/index.php\/wp-json\/wp\/v2\/types\/page"}],"author":[{"embeddable":true,"href":"https:\/\/tjcirkvice.cz\/index.php\/wp-json\/wp\/v2\/users\/1"}],"replies":[{"embeddable":true,"href":"https:\/\/tjcirkvice.cz\/index.php\/wp-json\/wp\/v2\/comments?post=217"}],"version-history":[{"count":10,"href":"https:\/\/tjcirkvice.cz\/index.php\/wp-json\/wp\/v2\/pages\/217\/revisions"}],"predecessor-version":[{"id":467,"href":"https:\/\/tjcirkvice.cz\/index.php\/wp-json\/wp\/v2\/pages\/217\/revisions\/467"}],"up":[{"embeddable":true,"href":"https:\/\/tjcirkvice.cz\/index.php\/wp-json\/wp\/v2\/pages\/9"}],"wp:attachment":[{"href":"https:\/\/tjcirkvice.cz\/index.php\/wp-json\/wp\/v2\/media?parent=217"}],"curies":[{"name":"wp","href":"https:\/\/api.w.org\/{rel}","templated":true}]}}