{"id":2,"date":"2023-01-06T14:58:17","date_gmt":"2023-01-06T13:58:17","guid":{"rendered":"http:\/\/tjcirkvice.cz\/?page_id=2"},"modified":"2025-09-16T14:32:28","modified_gmt":"2025-09-16T12:32:28","slug":"kontakty","status":"publish","type":"page","link":"http:\/\/tjcirkvice.cz\/index.php\/kontakty\/","title":{"rendered":"Kontakty"},"content":{"rendered":"\n<div class=\"wp-block-buttons is-content-justification-center is-layout-flex wp-container-core-buttons-is-layout-a89b3969 wp-block-buttons-is-layout-flex\">\n<div class=\"wp-block-button\"><a class=\"wp-block-button__link has-base-color has-vivid-red-background-color has-text-color has-background has-link-color has-medium-font-size has-custom-font-size wp-element-button\" href=\"https:\/\/tjcirkvice.cz\/index.php\/micove-hry-volejbal\/\" style=\"border-radius:24px;padding-right:var(--wp--preset--spacing--50);padding-left:var(--wp--preset--spacing--50)\">Volejbal<\/a><\/div>\n<\/div>\n\n\n\n<p class=\"has-text-align-center\">Lenka Kv\u00edzov\u00e1<\/p>\n\n\n\n<p class=\"has-text-align-center has-contrast-color has-text-color has-link-color wp-elements-4a73b1e5b9cd2e5ce98514c56121c417\"><a href=\"mailto:tjcirkvice@gmail.com\">tjcirkvice@gmail.com<\/a><br><br><\/p>\n\n\n\n<div style=\"height:44px\" aria-hidden=\"true\" class=\"wp-block-spacer\"><\/div>\n\n\n\n<div class=\"wp-block-buttons is-content-justification-center is-layout-flex wp-container-core-buttons-is-layout-a89b3969 wp-block-buttons-is-layout-flex\">\n<div class=\"wp-block-button\"><a class=\"wp-block-button__link has-base-color has-vivid-red-background-color has-text-color has-background has-link-color has-medium-font-size has-custom-font-size wp-element-button\" href=\"https:\/\/tjcirkvice.cz\/index.php\/stolni-tenis\/\" style=\"border-radius:24px;padding-right:var(--wp--preset--spacing--50);padding-left:var(--wp--preset--spacing--50)\">Stoln\u00ed tenis<\/a><\/div>\n<\/div>\n\n\n\n<p class=\"has-text-align-center\">Petr Uher<\/p>\n\n\n\n<p class=\"has-text-align-center has-contrast-color has-text-color has-link-color wp-elements-701e37572b824e73234160db69720dc2\"><a href=\"mailto:tjcirkvice@gmail.com\">tjcirkvice@gmail.com<\/a><\/p>\n\n\n\n<p class=\"has-text-align-center\">Tel. 737148277<br><\/p>\n\n\n\n<div style=\"height:44px\" aria-hidden=\"true\" class=\"wp-block-spacer\"><\/div>\n\n\n\n<div class=\"wp-block-buttons is-content-justification-center is-layout-flex wp-container-core-buttons-is-layout-a89b3969 wp-block-buttons-is-layout-flex\">\n<div class=\"wp-block-button\"><a class=\"wp-block-button__link has-base-color has-vivid-red-background-color has-text-color has-background has-link-color has-medium-font-size has-custom-font-size wp-element-button\" href=\"https:\/\/tjcirkvice.cz\/index.php\/rodice-a-deti\/\" style=\"border-radius:24px;padding-right:var(--wp--preset--spacing--50);padding-left:var(--wp--preset--spacing--50)\">Rodi\u010de a D\u011bti<\/a><\/div>\n<\/div>\n\n\n\n<p class=\"has-text-align-center\">Jitka Kv\u00edzov\u00e1<\/p>\n\n\n\n<p class=\"has-text-align-center has-contrast-color has-text-color has-link-color wp-elements-701e37572b824e73234160db69720dc2\"><a href=\"mailto:tjcirkvice@gmail.com\">tjcirkvice@gmail.com<\/a><\/p>\n\n\n\n<div style=\"height:41px\" aria-hidden=\"true\" class=\"wp-block-spacer\"><\/div>\n\n\n\n<div class=\"wp-block-buttons is-content-justification-center is-layout-flex wp-container-core-buttons-is-layout-a89b3969 wp-block-buttons-is-layout-flex\">\n<div class=\"wp-block-button\"><a class=\"wp-block-button__link has-base-color has-vivid-red-background-color has-text-color has-background has-link-color has-medium-font-size has-custom-font-size wp-element-button\" href=\"https:\/\/tjcirkvice.cz\/index.php\/posilovna\/\" style=\"border-radius:24px;padding-right:var(--wp--preset--spacing--50);padding-left:var(--wp--preset--spacing--50)\">Posilovna<\/a><\/div>\n<\/div>\n\n\n\n<p class=\"has-text-align-center\">Lorem ipsum<\/p>\n\n\n\n<p class=\"has-text-align-center has-contrast-color has-text-color has-link-color wp-elements-3e9df371bdf997dddb67765405c8c677\"><a href=\"tjcirkvice@gmail.com\" data-type=\"link\" data-id=\"tjcirkvice@gmail.com\">tjcirkvice@gmail.com<\/a><\/p>\n\n\n\n<div style=\"height:44px\" aria-hidden=\"true\" class=\"wp-block-spacer\"><\/div>\n","protected":false},"excerpt":{"rendered":"<p>Lenka Kv\u00edzov\u00e1 tjcirkvice@gmail.com Petr Uher tjcirkvice@gmail.com Tel. 737148277 Jitka Kv\u00edzov\u00e1 tjcirkvice@gmail.com Lorem ipsum tjcirkvice@gmail.com<\/p>\n","protected":false},"author":1,"featured_media":0,"parent":0,"menu_order":1,"comment_status":"closed","ping_status":"open","template":"","meta":{"footnotes":""},"class_list":["post-2","page","type-page","status-publish","hentry"],"_links":{"self":[{"href":"http:\/\/tjcirkvice.cz\/index.php\/wp-json\/wp\/v2\/pages\/2","targetHints":{"allow":["GET"]}}],"collection":[{"href":"http:\/\/tjcirkvice.cz\/index.php\/wp-json\/wp\/v2\/pages"}],"about":[{"href":"http:\/\/tjcirkvice.cz\/index.php\/wp-json\/wp\/v2\/types\/page"}],"author":[{"embeddable":true,"href":"http:\/\/tjcirkvice.cz\/index.php\/wp-json\/wp\/v2\/users\/1"}],"replies":[{"embeddable":true,"href":"http:\/\/tjcirkvice.cz\/index.php\/wp-json\/wp\/v2\/comments?post=2"}],"version-history":[{"count":8,"href":"http:\/\/tjcirkvice.cz\/index.php\/wp-json\/wp\/v2\/pages\/2\/revisions"}],"predecessor-version":[{"id":547,"href":"http:\/\/tjcirkvice.cz\/index.php\/wp-json\/wp\/v2\/pages\/2\/revisions\/547"}],"wp:attachment":[{"href":"http:\/\/tjcirkvice.cz\/index.php\/wp-json\/wp\/v2\/media?parent=2"}],"curies":[{"name":"wp","href":"https:\/\/api.w.org\/{rel}","templated":true}]}}